f h(5)?
2, 3
Suppose 0 = -3*v + 2*g - 47, g + 55 = -3*v - g. What are the prime factors of v/(-5) + 6/(-15)?
3
Let q = 9 + 3. What are the prime factors of q?
2, 3
Let f(u) = u**2 + 6*u + 32. List the prime factors of f(-12).
2, 13
Let l(q) = -12 + 6 + 5 + q**2. What are the prime factors of l(-3)?
2
Let d be 14/(-7) - (1 - 13). Suppose -4*s + 11 = 5*o - d, -4*o = 4*s - 24. What are the prime factors of s?
3
Let d(f) = 3*f**3 - f**3 - 4 - f**3 - 8*f**2 + f. Let m be d(8). Suppose -m*w + 3*a = -42, -w - 4 = a - 11. What are the prime factors of w?
3
Suppose -3*w = -159 - 201. Suppose 4*x + 4*o - 120 = 0, 0 = 5*x + 2*o - w - 15. List the prime factors of x.
5
Let b be ((-33)/(-9) + -3)*-6. What are the prime factors of (22/8)/(b/(-16))?
11
Let t(q) = q**3 - 5*q**2 + q - 3. Let v be t(5). Let g be (-9*v)/(-1 + -1). Suppose -g = -3*l - 3*x, -5*l = -x - 11 + 2. What are the prime factors of l?
2
Let w be ((-1)/(-2))/((-1)/(-6)). Let b = 1 + w. List the prime factors of (b/8)/((-1)/(-26)).
13
Suppose 0 = 8*s - 7*s - 59. List the prime factors of s.
59
Let p = -46 + 96. List the prime factors of p.
2, 5
List the prime factors of 10/5 + 348 - (-3 - 0).
353
Let w(s) = s. Let q(y) = -3*y + 3. Let h(n) = -2*q(n) - 2*w(n). Let c be h(4). Let r = 21 - c. List the prime factors of r.
11
Let l be 2 + -3 + (0 - -1). Let p = l + 7. List the prime factors of p.
7
Let y(q) = q**3 - 6*q**2 + 7*q - 2. Let l be y(5). Let b = l - -20. List the prime factors of b.
2, 7
Suppose -3*h - 9 = -2*h + 4*w, 5*w = -4*h + 8. What are the prime factors of -7 + (h - 4) + 9?
5
Suppose -30 + 10 = -w. List the prime factors of w.
2, 5
Suppose 2*a - 6 = a. Let w = 11 + a. What are the prime factors of w?
17
Suppose -4*u = 2*n - 16, 0*n + u - 4 = 2*n. Suppose 0 = 4*t + q, n = -4*t + 3*q - 7*q + 12. What are the prime factors of (5/(10/(-16)))/t?
2
Suppose 4*x + f - 155 = -0*f, -3*x + 125 = -f. Suppose 4*l - x = 16. List the prime factors of l.
2, 7
Let w = 80 + -41. List the prime factors of w.
3, 13
Suppose -5*c - 2 + 7 = 0. Let r be (84/9)/(c/3). Suppose -u + 5*h - 2 = -r, -5*h - 50 = -5*u. List the prime factors of u.
2, 3
Let h = 92 - 84. What are the prime factors of h?
2
Let q be 1/1 - (0 + 0). Let h(o) = 12*o - 4. Let i(u) = -13*u + 5. Let b(g) = 4*h(g) + 3*i(g). What are the prime factors of b(q)?
2
Let a(m) = -2*m**2 - m**3 + 0*m**3 + 0*m - m + 3*m**2 + 25. What are the prime factors of a(0)?
5
Let k(o) = 3*o - 24. List the prime factors of k(13).
3, 5
Let f = -6 - -8. Suppose -b = r + 2, 4*r + r + 19 = -f*b. List the prime factors of b.
3
Suppose 0 = -2*q + k - 1 + 13, 0 = 2*q - 2*k - 14. What are the prime factors of (-4)/20 + 51/q?
2, 5
Let r(i) = i**2 - 10. Suppose c + 14 = -c. Let d be r(c). Let k = d - 23. What are the prime factors of k?
2
Suppose 2*a = -3*c + 6 + 225, c + 5*a - 64 = 0. Suppose -4*l - 3*x = 2*x - 97, 5*x - c = -3*l. What are the prime factors of l?
2, 3
Suppose -5*c - 20 - 15 = 0. Suppose -17*k + 15*k = 26. Let d = c - k. List the prime factors of d.
2, 3
Let n(j) = j**2 + 15*j + 15. Let o be n(-14). List the prime factors of (-14)/(-7) + 1 + o.
2
Let j = 593 + -394. List the prime factors of j.
199
List the prime factors of 8/(2 - 0) + -2.
2
Suppose 21 = 5*q + 6. Suppose 24 - 6 = -q*x. Let g = 3 - x. What are the prime factors of g?
3
Suppose s - 9 = 5*z, 0*z + 5 = s - z. Let o = -29 - -47. What are the prime factors of 202/o - s/18?
11
Let m be (0/(-1) - 1)*-3. Let l be -18*1*m/(-6). Let t = l - 1. List the prime factors of t.
2
Let m be (-205)/(-3) - (-1)/(-3). Suppose -3*s + m = 4*i - 12, 2*i - 38 = -s. List the prime factors of i.
17
Let z = 0 - 0. Suppose -2*g - 3 = s, z*s = -4*g + 4*s + 24. Suppose -7 + g = -a. What are the prime factors of a?
2, 3
Let m(y) = -y**3 - 9*y**2 - 9*y + 14. List the prime factors of m(-9).
5, 19
Suppose 0 = -4*n + 82 + 58. List the prime factors of n.
5, 7
Let q = -5 + 101. Suppose -g - 2*g + q = 0. List the prime factors of g.
2
Suppose -10*y - 42 = -13*y. What are the prime factors of y?
2, 7
Let a(l) = -2*l**3 + 3*l**2 + l - 3. Let k be a(3). Let b = k + 57. Suppose 2*h - 5*u = -h + 46, -2*h + b = -3*u. What are the prime factors of h?
2, 3
Let i(v) = -v**2 - 6*v - 3. Let b be i(-2). Suppose 0 = -3*w - 5*m + 40, w - 80 = -4*w - b*m. What are the prime factors of w?
2, 5
Let v(d) = -4*d + 8. What are the prime factors of v(-4)?
2, 3
Suppose -28 = -w + 5*x, 0*x = -5*w + 3*x + 162. List the prime factors of w.
3, 11
Let s(p) = p**3 + 7*p**2 - 2*p + 1. Let t be (-2 - -10) + (-2 - -1). Let l be (5 + -3)*t/(-2). List the prime factors of s(l).
3, 5
Suppose -3*p + 4*t = 23, -2*t = 3*p - 5*p - 16. Let u be 1/2 + p/(-2). Suppose u*n - n = 28. What are the prime factors of n?
7
Let j(g) = 4*g**3 + 5*g**2 - 3*g - 3. List the prime factors of j(3).
3, 47
Let n = 12 - 5. Suppose 112 - n = 5*c. List the prime factors of c.
3, 7
Let k(q) = -q**2 + 7*q - 2. Let a be k(6). Suppose 5*f = -13 + 48. Suppose -f = -g + a. List the prime factors of g.
11
Let k(x) = -4*x**3 - 3*x**2 - x - 2. Let f = -5 - -3. Let j be k(f). List the prime factors of (j/2)/((-2)/(-3)).
3, 5
Let f = -3 - -8. Suppose -f*t + 2*t = -48. List the prime factors of t.
2
Suppose 2*n = 6*n. Suppose 4*l = a + 20, 42 = 5*l + 3*a - n*a. Suppose -1 = -j + l. List the prime factors of j.
7
Let c(k) = -k**2 + 9*k + 7. What are the prime factors of c(9)?
7
Let m = 39 + -22. Suppose 3*c - 5*a = 23, 0 = -5*c + a + 2*a + m. What are the prime factors of (-17)/(-2 + 1) + c?
2, 3
Let k = 17 - 12. List the prime factors of (-1 - k)/((-6)/4).
2
Let g(i) = 7*i**2 + 6*i - 12. Let y(u) = 8*u**2 + 6*u - 13. Let k(o) = -7*g(o) + 6*y(o). What are the prime factors of k(-6)?
2, 3
Suppose 4*s = -2*x - 32, 3*x = -2*x - 2*s - 40. Let i = x + 10. Let p(n) = -n**2 + 8*n - 4. List the prime factors of p(i).
2, 3
Let n(z) = 5*z + 2. Let f be n(5). Suppose 0 = 3*c - 5*m - 7, 3*c - 3 = 3*m + 6. Suppose -3*d = c*p - 41, f = d + 5*p - p. What are the prime factors of d?
7
Let g(b) = -4*b - 5. What are the prime factors of g(-10)?
5, 7
Suppose 6*o - 14*o + 1112 = 0. What are the prime factors of o?
139
Suppose 5*d = -2*h + 5*h - 3, -7 = 5*d - 2*h. Let p(z) = 2*z**2 + 5*z + 3. What are the prime factors of p(d)?
2, 3
Let g be (-44)/(-10) + 4/(-10). List the prime factors of (-18)/g*(2 + -6).
2, 3
What are the prime factors of (-3)/((-45)/(-6)) - (-5760)/25?
2, 5, 23
Suppose 3*v + 18 + 72 = 0. Let o = 50 + v. What are the prime factors of o?
2, 5
Let j be (-4 + 1)*(-164)/(-12). What are the prime factors of j/(-5) + 1/(-5)?
2
What are the prime factors of ((-38)/(-6))/(2/12)?
2, 19
Let b(o) = 14*o**2 - o + 2. Let p be b(-2). Let s = p - 93. List the prime factors of s/(-12) + 2/8.
3
Suppose i + 61 = 4*u, -i + 0 = 1. Suppose -5*y = m + 1, -6 = m - 3*m - 2*y. Suppose -u = -m*t - t. List the prime factors of t.
3
Suppose 9*o = 4*o - 10, o = 5*d - 1007. What are the prime factors of d?
3, 67
Let t be (-2)/(-9) + 2/(-9). Suppose 4 = -2*s - t. Let m = 8 + s. List the prime factors of m.
2, 3
Let z be 5 - (2 - (0 + 0)). Let v(r) = 2*r**3 - 5*r**2 + 3*r - 3. Let o be v(z). Suppose -3*h - 3 + o = 0. What are the prime factors of h?
2
Suppose 4 = -5*g - 26. Let q = g + 6. Suppose -3*c - u + 4 = 0, q*c + 5*u + 20 = 5*c. What are the prime factors of c?
2
Let p be 2 - ((-2)/(-2) + -25). Suppose 5*q = i + 5 - p, -q - 33 = -5*i. Suppose 0 = -2*a + 4*a - i. What are the prime factors of a?
3
What are the prime factors of 5/(270/2742) - 2/(-9)?
3, 17
Let j(v) = -v**3 + 7*v**2 - 6*v + 2. Let g be j(6). Let x be (-7)/(-1) - (g + 0). Suppose -a + i + 41 = a, -70 = -x*a - 4*i. What are the prime factors of a?
2, 3
Suppose -8 = 3*w - 23. Let z(o) = -o**2 + w*o**2 + 1 + o**2 - 2 + o. List the prime factors of z(1).
5
Let g = 133 + -74. What are the prime factors of g?
59
Let p(x) = 4*x - 5. Let l be p(5). Let y(f) = f**2 + f + 10. Let i be y(0). Let o = l - i. List the prime factors of o.
5
Suppose 0 = 4*a + a - 120. List the prime factors of a*(-3)/(-11 - -2).
2
Let w(h) = 4*h**2 - 3*h**2 + h + h - 4. Let p(g) = -g. Let r be p(4). What are the prime factors of w(r)?
2
Let x(p) = -3*p**3 - 6*p**2 + 16*p - 5. What are the prime factors of x(-6)?
331
Let x(t) = 13*t + 1. What are the prime factors of x(9)?
2, 59
Let 